{"id":404,"date":"2025-09-11T11:15:59","date_gmt":"2025-09-11T09:15:59","guid":{"rendered":"https:\/\/www.avosimpressions.com\/?page_id=404"},"modified":"2026-01-20T09:29:40","modified_gmt":"2026-01-20T08:29:40","slug":"creation-graphique","status":"publish","type":"page","link":"https:\/\/www.avosimpressions.com\/index.php\/creation-graphique\/","title":{"rendered":"Cr\u00e9ation graphique"},"content":{"rendered":"<p>[et_pb_section fb_built=\u00a0\u00bb1&Prime; _builder_version=\u00a0\u00bb4.27.4&Prime; _module_preset=\u00a0\u00bbdefault\u00a0\u00bb use_background_color_gradient=\u00a0\u00bbon\u00a0\u00bb background_color_gradient_stops=\u00a0\u00bbrgba(0,0,0,0.7) 0%|rgba(0,0,0,0.7) 99%\u00a0\u00bb background_color_gradient_overlays_image=\u00a0\u00bbon\u00a0\u00bb background_image=\u00a0\u00bbhttps:\/\/www.avosimpressions.com\/wp-content\/uploads\/2020\/03\/banniere-01.jpg\u00a0\u00bb global_colors_info=\u00a0\u00bb{}\u00a0\u00bb][et_pb_row _builder_version=\u00a0\u00bb4.27.4&Prime; _module_preset=\u00a0\u00bbdefault\u00a0\u00bb global_colors_info=\u00a0\u00bb{}\u00a0\u00bb][et_pb_column type=\u00a0\u00bb4_4&Prime; _builder_version=\u00a0\u00bb4.27.4&Prime; _module_preset=\u00a0\u00bbdefault\u00a0\u00bb global_colors_info=\u00a0\u00bb{}\u00a0\u00bb][et_pb_text _builder_version=\u00a0\u00bb4.27.4&Prime; _module_preset=\u00a0\u00bbdefault\u00a0\u00bb header_text_color=\u00a0\u00bb#FFFFFF\u00a0\u00bb global_colors_info=\u00a0\u00bb{}\u00a0\u00bb]<\/p>\n<h1>Cr\u00e9ation graphique<\/h1>\n<p>[\/et_pb_text][et_pb_divider color=\u00a0\u00bb#A5C715&Prime; divider_weight=\u00a0\u00bb3px\u00a0\u00bb _builder_version=\u00a0\u00bb4.27.4&Prime; _module_preset=\u00a0\u00bbdefault\u00a0\u00bb width=\u00a0\u00bb80px\u00a0\u00bb global_colors_info=\u00a0\u00bb{}\u00a0\u00bb][\/et_pb_divider][\/et_pb_column][\/et_pb_row][\/et_pb_section][et_pb_section fb_built=\u00a0\u00bb1&Prime; _builder_version=\u00a0\u00bb4.27.4&Prime; _module_preset=\u00a0\u00bbdefault\u00a0\u00bb background_color=\u00a0\u00bb#FFFFFF\u00a0\u00bb global_colors_info=\u00a0\u00bb{}\u00a0\u00bb][et_pb_row _builder_version=\u00a0\u00bb4.27.4&Prime; _module_preset=\u00a0\u00bbdefault\u00a0\u00bb custom_margin=\u00a0\u00bb||||false|false\u00a0\u00bb custom_padding=\u00a0\u00bb||0px||false|false\u00a0\u00bb global_colors_info=\u00a0\u00bb{}\u00a0\u00bb][et_pb_column type=\u00a0\u00bb4_4&Prime; _builder_version=\u00a0\u00bb4.27.4&Prime; _module_preset=\u00a0\u00bbdefault\u00a0\u00bb global_colors_info=\u00a0\u00bb{}\u00a0\u00bb][et_pb_text _builder_version=\u00a0\u00bb4.27.4&Prime; _module_preset=\u00a0\u00bbdefault\u00a0\u00bb global_colors_info=\u00a0\u00bb{}\u00a0\u00bb]<\/p>\n<h2>Nous cr\u00e9ons \u00e0 votre image<\/h2>\n<p>[\/et_pb_text][\/et_pb_column][\/et_pb_row][et_pb_row column_structure=\u00a0\u00bb1_2,1_2&Prime; _builder_version=\u00a0\u00bb4.27.4&Prime; _module_preset=\u00a0\u00bbdefault\u00a0\u00bb global_colors_info=\u00a0\u00bb{}\u00a0\u00bb][et_pb_column type=\u00a0\u00bb1_2&Prime; _builder_version=\u00a0\u00bb4.27.4&Prime; _module_preset=\u00a0\u00bbdefault\u00a0\u00bb global_colors_info=\u00a0\u00bb{}\u00a0\u00bb][et_pb_text _builder_version=\u00a0\u00bb4.27.4&Prime; _module_preset=\u00a0\u00bbdefault\u00a0\u00bb global_colors_info=\u00a0\u00bb{}\u00a0\u00bb]<\/p>\n<p>Une image professionnelle coh\u00e9rente fait toute la diff\u00e9rence ! Notre \u00e9quipe cr\u00e9ative con\u00e7oit votre identit\u00e9 visuelle de A \u00e0 Z : logo, charte graphique, choix des couleurs et typographies, d\u00e9clinaisons sur tous supports.<\/p>\n<p>Que vous lanciez votre activit\u00e9 ou souhaitiez moderniser votre image, nous prenons le temps d&rsquo;\u00e9couter votre histoire, vos valeurs et vos ambitions. Chaque cr\u00e9ation est unique et pens\u00e9e pour vous d\u00e9marquer dans votre secteur.<\/p>\n<p>[\/et_pb_text][\/et_pb_column][et_pb_column type=\u00a0\u00bb1_2&Prime; _builder_version=\u00a0\u00bb4.27.4&Prime; _module_preset=\u00a0\u00bbdefault\u00a0\u00bb global_colors_info=\u00a0\u00bb{}\u00a0\u00bb][et_pb_image src=\u00a0\u00bbhttps:\/\/www.avosimpressions.com\/wp-content\/uploads\/2026\/01\/creative-design.webp\u00a0\u00bb _builder_version=\u00a0\u00bb4.27.4&Prime; _module_preset=\u00a0\u00bbdefault\u00a0\u00bb hover_enabled=\u00a0\u00bb0&Prime; border_radii=\u00a0\u00bbon|15px|15px|15px|15px\u00a0\u00bb global_colors_info=\u00a0\u00bb{}\u00a0\u00bb title_text=\u00a0\u00bbcreative design\u00a0\u00bb sticky_enabled=\u00a0\u00bb0&Prime;][\/et_pb_image][\/et_pb_column][\/et_pb_row][\/et_pb_section][et_pb_section fb_built=\u00a0\u00bb1&Prime; _builder_version=\u00a0\u00bb4.27.4&Prime; _module_preset=\u00a0\u00bbdefault\u00a0\u00bb use_background_color_gradient=\u00a0\u00bbon\u00a0\u00bb background_color_gradient_stops=\u00a0\u00bbrgba(0,0,0,0.75) 1%|rgba(0,0,0,0.75) 100%\u00a0\u00bb background_color_gradient_overlays_image=\u00a0\u00bbon\u00a0\u00bb background_image=\u00a0\u00bbhttps:\/\/www.avosimpressions.com\/wp-content\/uploads\/2019\/01\/ensignes_01.png\u00a0\u00bb global_module=\u00a0\u00bb454&Prime; saved_tabs=\u00a0\u00bball\u00a0\u00bb global_colors_info=\u00a0\u00bb{}\u00a0\u00bb][et_pb_row _builder_version=\u00a0\u00bb4.27.4&Prime; _module_preset=\u00a0\u00bbdefault\u00a0\u00bb width=\u00a0\u00bb55%\u00a0\u00bb global_colors_info=\u00a0\u00bb{}\u00a0\u00bb][et_pb_column type=\u00a0\u00bb4_4&Prime; _builder_version=\u00a0\u00bb4.27.4&Prime; _module_preset=\u00a0\u00bbdefault\u00a0\u00bb global_colors_info=\u00a0\u00bb{}\u00a0\u00bb][et_pb_text _builder_version=\u00a0\u00bb4.27.4&Prime; _module_preset=\u00a0\u00bbdefault\u00a0\u00bb header_text_color=\u00a0\u00bb#FFFFFF\u00a0\u00bb header_2_text_color=\u00a0\u00bb#FFFFFF\u00a0\u00bb custom_margin=\u00a0\u00bb||9px|||\u00a0\u00bb global_colors_info=\u00a0\u00bb{}\u00a0\u00bb]<\/p>\n<h2 style=\"text-align: center;\">Pr\u00eat \u00e0 booster votre visibilit\u00e9 ?<\/h2>\n<p>[\/et_pb_text][et_pb_text _builder_version=\u00a0\u00bb4.27.4&Prime; _module_preset=\u00a0\u00bbdefault\u00a0\u00bb text_text_color=\u00a0\u00bb#FBFBFB\u00a0\u00bb text_orientation=\u00a0\u00bbcenter\u00a0\u00bb global_colors_info=\u00a0\u00bb{}\u00a0\u00bb]<\/p>\n<p>33 ans d&rsquo;exp\u00e9rience, une \u00e9quipe familiale passionn\u00e9e et une parfaite connaissance de la Vall\u00e9e de l&rsquo;H\u00e9rault : tous les ingr\u00e9dients pour r\u00e9ussir votre communication. Contactez-nous d\u00e8s maintenant pour un devis gratuit et sur-mesure.<\/p>\n<p>[\/et_pb_text][et_pb_button button_url=\u00a0\u00bb@ET-DC@eyJkeW5hbWljIjp0cnVlLCJjb250ZW50IjoicG9zdF9saW5rX3VybF9wYWdlIiwic2V0dGluZ3MiOnsicG9zdF9pZCI6IjM5MiJ9fQ==@\u00a0\u00bb button_text=\u00a0\u00bbNous contacter\u00a0\u00bb button_alignment=\u00a0\u00bbcenter\u00a0\u00bb _builder_version=\u00a0\u00bb4.27.4&Prime; _dynamic_attributes=\u00a0\u00bbbutton_url\u00a0\u00bb _module_preset=\u00a0\u00bbdefault\u00a0\u00bb custom_margin=\u00a0\u00bb37px||||false|false\u00a0\u00bb global_colors_info=\u00a0\u00bb{}\u00a0\u00bb][\/et_pb_button][\/et_pb_column][\/et_pb_row][\/et_pb_section]<\/p>\n","protected":false},"excerpt":{"rendered":"<p>Cr\u00e9ation graphiqueNous cr\u00e9ons \u00e0 votre imageUne image professionnelle coh\u00e9rente fait toute la diff\u00e9rence ! Notre \u00e9quipe cr\u00e9ative con\u00e7oit votre identit\u00e9 visuelle de A \u00e0 Z : logo, charte graphique, choix des couleurs et typographies, d\u00e9clinaisons sur tous supports. Que vous lanciez votre activit\u00e9 ou souhaitiez moderniser votre image, nous prenons le temps d&rsquo;\u00e9couter votre histoire, vos valeurs et vos ambitions. Chaque cr\u00e9ation est unique et pens\u00e9e pour vous d\u00e9marquer dans votre secteur.Pr\u00eat \u00e0 booster votre visibilit\u00e9 ?33 ans d&rsquo;exp\u00e9rience, une \u00e9quipe familiale passionn\u00e9e et une parfaite connaissance de la Vall\u00e9e de l&rsquo;H\u00e9rault : tous les ingr\u00e9dients pour r\u00e9ussir votre communication. Contactez-nous d\u00e8s maintenant pour un devis gratuit et sur-mesure.<\/p>\n","protected":false},"author":2,"featured_media":0,"parent":0,"menu_order":0,"comment_status":"closed","ping_status":"closed","template":"","meta":{"_et_pb_use_builder":"on","_et_pb_old_content":"<!-- wp:divi\/placeholder \/-->","_et_gb_content_width":"","footnotes":""},"class_list":["post-404","page","type-page","status-publish","hentry"],"yoast_head":"<!-- This site is optimized with the Yoast SEO plugin v27.3 - https:\/\/yoast.com\/product\/yoast-seo-wordpress\/ -->\n<title>Cr\u00e9ation graphique - A Vos Impressions<\/title>\n<meta name=\"robots\" content=\"index, follow, max-snippet:-1, max-image-preview:large, max-video-preview:-1\" \/>\n<link rel=\"canonical\" href=\"https:\/\/www.avosimpressions.com\/index.php\/creation-graphique\/\" \/>\n<meta property=\"og:locale\" content=\"fr_FR\" \/>\n<meta property=\"og:type\" content=\"article\" \/>\n<meta property=\"og:title\" content=\"Cr\u00e9ation graphique - A Vos Impressions\" \/>\n<meta property=\"og:description\" content=\"Cr\u00e9ation graphiqueNous cr\u00e9ons \u00e0 votre imageUne image professionnelle coh\u00e9rente fait toute la diff\u00e9rence ! Notre \u00e9quipe cr\u00e9ative con\u00e7oit votre identit\u00e9 visuelle de A \u00e0 Z : logo, charte graphique, choix des couleurs et typographies, d\u00e9clinaisons sur tous supports. Que vous lanciez votre activit\u00e9 ou souhaitiez moderniser votre image, nous prenons le temps d&#039;\u00e9couter votre histoire, vos valeurs et vos ambitions. Chaque cr\u00e9ation est unique et pens\u00e9e pour vous d\u00e9marquer dans votre secteur.Pr\u00eat \u00e0 booster votre visibilit\u00e9 ?33 ans d&#039;exp\u00e9rience, une \u00e9quipe familiale passionn\u00e9e et une parfaite connaissance de la Vall\u00e9e de l&#039;H\u00e9rault : tous les ingr\u00e9dients pour r\u00e9ussir votre communication. Contactez-nous d\u00e8s maintenant pour un devis gratuit et sur-mesure.\" \/>\n<meta property=\"og:url\" content=\"https:\/\/www.avosimpressions.com\/index.php\/creation-graphique\/\" \/>\n<meta property=\"og:site_name\" content=\"A Vos Impressions\" \/>\n<meta property=\"article:modified_time\" content=\"2026-01-20T08:29:40+00:00\" \/>\n<meta name=\"twitter:card\" content=\"summary_large_image\" \/>\n<script type=\"application\/ld+json\" class=\"yoast-schema-graph\">{\"@context\":\"https:\\\/\\\/schema.org\",\"@graph\":[{\"@type\":\"WebPage\",\"@id\":\"https:\\\/\\\/www.avosimpressions.com\\\/index.php\\\/creation-graphique\\\/\",\"url\":\"https:\\\/\\\/www.avosimpressions.com\\\/index.php\\\/creation-graphique\\\/\",\"name\":\"Cr\u00e9ation graphique - A Vos Impressions\",\"isPartOf\":{\"@id\":\"https:\\\/\\\/www.avosimpressions.com\\\/#website\"},\"datePublished\":\"2025-09-11T09:15:59+00:00\",\"dateModified\":\"2026-01-20T08:29:40+00:00\",\"breadcrumb\":{\"@id\":\"https:\\\/\\\/www.avosimpressions.com\\\/index.php\\\/creation-graphique\\\/#breadcrumb\"},\"inLanguage\":\"fr-FR\",\"potentialAction\":[{\"@type\":\"ReadAction\",\"target\":[\"https:\\\/\\\/www.avosimpressions.com\\\/index.php\\\/creation-graphique\\\/\"]}]},{\"@type\":\"BreadcrumbList\",\"@id\":\"https:\\\/\\\/www.avosimpressions.com\\\/index.php\\\/creation-graphique\\\/#breadcrumb\",\"itemListElement\":[{\"@type\":\"ListItem\",\"position\":1,\"name\":\"Accueil\",\"item\":\"https:\\\/\\\/www.avosimpressions.com\\\/\"},{\"@type\":\"ListItem\",\"position\":2,\"name\":\"Cr\u00e9ation graphique\"}]},{\"@type\":\"WebSite\",\"@id\":\"https:\\\/\\\/www.avosimpressions.com\\\/#website\",\"url\":\"https:\\\/\\\/www.avosimpressions.com\\\/\",\"name\":\"A Vos Impressions\",\"description\":\"La publicit\u00e9 \u00e0 votre port\u00e9e\",\"potentialAction\":[{\"@type\":\"SearchAction\",\"target\":{\"@type\":\"EntryPoint\",\"urlTemplate\":\"https:\\\/\\\/www.avosimpressions.com\\\/?s={search_term_string}\"},\"query-input\":{\"@type\":\"PropertyValueSpecification\",\"valueRequired\":true,\"valueName\":\"search_term_string\"}}],\"inLanguage\":\"fr-FR\"}]}<\/script>\n<!-- \/ Yoast SEO plugin. -->","yoast_head_json":{"title":"Cr\u00e9ation graphique - A Vos Impressions","robots":{"index":"index","follow":"follow","max-snippet":"max-snippet:-1","max-image-preview":"max-image-preview:large","max-video-preview":"max-video-preview:-1"},"canonical":"https:\/\/www.avosimpressions.com\/index.php\/creation-graphique\/","og_locale":"fr_FR","og_type":"article","og_title":"Cr\u00e9ation graphique - A Vos Impressions","og_description":"Cr\u00e9ation graphiqueNous cr\u00e9ons \u00e0 votre imageUne image professionnelle coh\u00e9rente fait toute la diff\u00e9rence ! Notre \u00e9quipe cr\u00e9ative con\u00e7oit votre identit\u00e9 visuelle de A \u00e0 Z : logo, charte graphique, choix des couleurs et typographies, d\u00e9clinaisons sur tous supports. Que vous lanciez votre activit\u00e9 ou souhaitiez moderniser votre image, nous prenons le temps d'\u00e9couter votre histoire, vos valeurs et vos ambitions. Chaque cr\u00e9ation est unique et pens\u00e9e pour vous d\u00e9marquer dans votre secteur.Pr\u00eat \u00e0 booster votre visibilit\u00e9 ?33 ans d'exp\u00e9rience, une \u00e9quipe familiale passionn\u00e9e et une parfaite connaissance de la Vall\u00e9e de l'H\u00e9rault : tous les ingr\u00e9dients pour r\u00e9ussir votre communication. Contactez-nous d\u00e8s maintenant pour un devis gratuit et sur-mesure.","og_url":"https:\/\/www.avosimpressions.com\/index.php\/creation-graphique\/","og_site_name":"A Vos Impressions","article_modified_time":"2026-01-20T08:29:40+00:00","twitter_card":"summary_large_image","schema":{"@context":"https:\/\/schema.org","@graph":[{"@type":"WebPage","@id":"https:\/\/www.avosimpressions.com\/index.php\/creation-graphique\/","url":"https:\/\/www.avosimpressions.com\/index.php\/creation-graphique\/","name":"Cr\u00e9ation graphique - A Vos Impressions","isPartOf":{"@id":"https:\/\/www.avosimpressions.com\/#website"},"datePublished":"2025-09-11T09:15:59+00:00","dateModified":"2026-01-20T08:29:40+00:00","breadcrumb":{"@id":"https:\/\/www.avosimpressions.com\/index.php\/creation-graphique\/#breadcrumb"},"inLanguage":"fr-FR","potentialAction":[{"@type":"ReadAction","target":["https:\/\/www.avosimpressions.com\/index.php\/creation-graphique\/"]}]},{"@type":"BreadcrumbList","@id":"https:\/\/www.avosimpressions.com\/index.php\/creation-graphique\/#breadcrumb","itemListElement":[{"@type":"ListItem","position":1,"name":"Accueil","item":"https:\/\/www.avosimpressions.com\/"},{"@type":"ListItem","position":2,"name":"Cr\u00e9ation graphique"}]},{"@type":"WebSite","@id":"https:\/\/www.avosimpressions.com\/#website","url":"https:\/\/www.avosimpressions.com\/","name":"A Vos Impressions","description":"La publicit\u00e9 \u00e0 votre port\u00e9e","potentialAction":[{"@type":"SearchAction","target":{"@type":"EntryPoint","urlTemplate":"https:\/\/www.avosimpressions.com\/?s={search_term_string}"},"query-input":{"@type":"PropertyValueSpecification","valueRequired":true,"valueName":"search_term_string"}}],"inLanguage":"fr-FR"}]}},"_links":{"self":[{"href":"https:\/\/www.avosimpressions.com\/index.php\/wp-json\/wp\/v2\/pages\/404","targetHints":{"allow":["GET"]}}],"collection":[{"href":"https:\/\/www.avosimpressions.com\/index.php\/wp-json\/wp\/v2\/pages"}],"about":[{"href":"https:\/\/www.avosimpressions.com\/index.php\/wp-json\/wp\/v2\/types\/page"}],"author":[{"embeddable":true,"href":"https:\/\/www.avosimpressions.com\/index.php\/wp-json\/wp\/v2\/users\/2"}],"replies":[{"embeddable":true,"href":"https:\/\/www.avosimpressions.com\/index.php\/wp-json\/wp\/v2\/comments?post=404"}],"version-history":[{"count":6,"href":"https:\/\/www.avosimpressions.com\/index.php\/wp-json\/wp\/v2\/pages\/404\/revisions"}],"predecessor-version":[{"id":667,"href":"https:\/\/www.avosimpressions.com\/index.php\/wp-json\/wp\/v2\/pages\/404\/revisions\/667"}],"wp:attachment":[{"href":"https:\/\/www.avosimpressions.com\/index.php\/wp-json\/wp\/v2\/media?parent=404"}],"curies":[{"name":"wp","href":"https:\/\/api.w.org\/{rel}","templated":true}]}}